-2136*s + 2127. Determine o(1).
-9
Let q(d) = d**3 - 13*d**2 - 32*d + 25. Determine q(15).
-5
Let t(z) = -z**3 + 18*z**2 - 18*z + 13. Give t(17).
-4
Let g(a) = -3*a + 20. Calculate g(-6).
38
Let b(f) = 2*f**2 - 4*f - 192. Determine b(11).
6
Let c(u) = 5*u - 66. Determine c(-3).
-81
Let b(t) = t**3 + 8*t**2 - 6*t + 52. Calculate b(-11).
-245
Let z(b) = 86*b - 3875. Calculate z(45).
-5
Let b(k) = k**3 - 25*k**2 - 9*k + 358. Determine b(25).
133
Let c(o) = o**2 - 64*o - 142. What is c(-2)?
-10
Let v(q) = -q**2 + 57*q - 490. Give v(14).
112
Let g(u) = -14*u**2 + 18*u + 142. Give g(-6).
-470
Let m(u) = -14*u - 57. Calculate m(25).
-407
Let u(z) = -3*z**2 - 171*z - 15. What is u(-57)?
-15
Let i(y) = 90*y + 551. Calculate i(-10).
-349
Let h(j) = -322*j + 1242. Determine h(4).
-46
Let p(x) = -6021*x + 379321. Calculate p(63).
-2
Let v(l) = l + 167. What is v(-163)?
4
Let z(r) = 13*r**3 + 22*r**2 + 2*r + 7. Calculate z(-2).
-13
Let j(f) = -37*f - 260. Calculate j(-6).
-38
Let z(j) = -33*j - 17. What is z(5)?
-182
Let d(c) = -c**3 + 14*c**2 - 20*c + 18. Determine d(9).
243
Let a(q) = 2*q**2 + 72*q - 489. Calculate a(6).
15
Let b(v) = -v**3 + 26*v**2 - 157*v + 61. Give b(17).
-7
Let t(a) = -19*a**2 + 101*a - 43. Determine t(5).
-13
Let a(q) = 2*q**2 + 30*q + 96. Calculate a(-13).
44
Let y(v) = -2*v**2 - 36*v - 92. Determine y(-6).
52
Let q(v) = 87*v**3 + 7*v**2 + 4*v - 6. What is q(1)?
92
Let y(c) = 278*c + 5918. What is y(-21)?
80
Let k(m) = 104*m - 10. Give k(0).
-10
Let g(n) = -326*n + 321. Calculate g(1).
-5
Let r(p) = 2*p**3 - 33*p**2 - 14*p - 27. What is r(17)?
24
Let g(o) = -6*o**2 - 60*o + 492. Determine g(-15).
42
Let t(a) = a**3 + 16*a**2 - 52*a - 309. What is t(-18)?
-21
Let l(c) = -25*c**2 - 376*c - 26. What is l(-15)?
-11
Let r(f) = -2*f**3 - 33*f**2 - f - 310. Calculate r(-17).
-4
Let c(g) = 2*g**3 - 68*g**2 - 69*g + 77. Calculate c(35).
112
Let r(y) = y**2 + 19*y - 1976. Calculate r(36).
4
Let n(v) = -60*v + 67. What is n(3)?
-113
Let u(a) = 96*a + 235. Determine u(-8).
-533
Let t(y) = -14*y**2 - 858*y + 606. Determine t(-62).
-14
Let k(q) = -2*q**2 + 210*q - 5439. Calculate k(46).
-11
Let n(p) = -69*p - 120. What is n(-2)?
18
Let c(p) = -157*p - 3288. Calculate c(-21).
9
Let k(v) = -v**3 - 19*v**2 - 23*v - 43. Calculate k(-18).
47
Let r(g) = 3*g**2 - 32*g - 20. Calculate r(9).
-65
Let f(s) = 4*s**2 - 78*s + 15. Determine f(19).
-23
Let k(w) = -221*w - 31157. What is k(-141)?
4
Let k(u) = u**3 + 262*u**2 + 502*u - 4677. Determine k(-260).
3
Let j(w) = -w**2 - 24*w + 1432. What is j(-51)?
55
Let g(h) = h**2 + 209*h + 1993. What is g(-10)?
3
Let p(c) = c**3 + 2*c**2 + 21*c + 45. Calculate p(0).
45
Let f(a) = -39*a**2 + 16*a + 17. Determine f(-1).
-38
Let r(h) = h**3 + 10*h**2 + 26*h + 12. Determine r(-4).
4
Let r(f) = 18*f + 7. Give r(-3).
-47
Let v(a) = -a**2 - 4*a + 26. Calculate v(-4).
26
Let k(f) = -30*f + 320. Give k(11).
-10
Let o(i) = -28*i + 317. Calculate o(27).
-439
Let y(a) = -364*a + 1148. What is y(3)?
56
Let i(b) = 2787*b - 11153. Give i(4).
-5
Let v(l) = -31*l - 462. Calculate v(-14).
-28
Let h(m) = 71*m + 1053. Determine h(-15).
-12
Let q(w) = -432*w - 40228. Determine q(-93).
-52
Let x(v) = 61*v - 1114. Calculate x(20).
106
Let y(f) = f**3 + 47*f**2 + 236*f + 1011. Determine y(-42).
-81
Let a(n) = -n**3 + 2*n**2 - 2*n + 41. Give a(0).
41
Let r(p) = 5*p**3 + 4*p**2 - 7*p + 3. Give r(1).
5
Let m(q) = -4*q**2 - 13*q - 2. Give m(-2).
8
Let t(r) = -6*r**3 + 183*r**2 - 91*r + 32. What is t(30)?
2
Let l(t) = 27*t**3 - 2*t**2 - 39*t + 77. Calculate l(2).
207
Let i(t) = t**3 + 16*t**2 + 58*t + 33. Determine i(-11).
0
Let g(p) = 22*p**2 - 110*p - 145. Give g(6).
-13
Let s(r) = -9*r + 134. Calculate s(17).
-19
Let c(f) = 82*f - 398. What is c(5)?
12
Let p(i) = 222*i + 445. Calculate p(-2).
1
Let h(j) = 3*j**3 - 7*j**2 - 56*j + 148. Give h(3).
-2
Let t(f) = f**3 - 9*f**2 + 14*f - 22. Calculate t(7).
-22
Let r(s) = s**2 - 49*s - 65. Determine r(50).
-15
Let m(q) = -20*q - 191. Determine m(-8).
-31
Let s(i) = -3435*i + 17173. Determine s(5).
-2
Let c(t) = -t**2 - t - 119. Give c(0).
-119
Let j(d) = 93*d - 474. Give j(5).
-9
Let p(j) = 2*j**3 - 48*j**2 + 7*j - 149. What is p(24)?
19
Let a(q) = -4*q**3 - 172*q**2 - 887*q - 17. Give a(-37).
-54
Let j(b) = -4*b + 249. Calculate j(33).
117
Let q(k) = k**2 - 56*k + 609. What is q(30)?
-171
Let d(l) = 134*l - 2074. What is d(16)?
70
Let i(r) = 84*r**2 + 50*r - 27. Determine i(1).
107
Let v(q) = q**3 + 5*q**2 - 73*q + 109. What is v(6)?
67
Let n(r) = -16*r**2 + 24*r - 1. What is n(3)?
-73
Let u(a) = a**2 + 56*a - 379. Give u(6).
-7
Let d(g) = -6*g + 64. Calculate d(14).
-20
Let h(y) = 390*y**2 + 47*y + 49. Determine h(-1).
392
Let o(m) = -m**3 - 14*m**2 + 28*m + 1. Determine o(-16).
65
Let r(b) = -17*b + 233. Calculate r(15).
-22
Let d(x) = -12*x + 811. Give d(70).
-29
Let n(h) = h**3 - 17*h**2 - 52*h + 4. Determine n(-3).
-20
Let b(q) = 594*q - 7. Calculate b(0).
-7
Let o(x) = 40*x + 3021. Calculate o(-76).
-19
Let f(b) = 2*b**3 - 7*b**2 - 8*b + 25. Calculate f(6).
157
Let a(g) = -g**3 - 6*g**2 + 31*g + 12. Give a(5).
-108
Let i(t) = -38*t - 3224. Give i(-84).
-32
Let k(t) = 3*t**2 + 150*t - 2923. Give k(18).
749
Let c(w) = w - 254. Determine c(4).
-250
Let g(l) = l**3 - 64*l**2 + 666*l - 31. Give g(13).
8
Let y(d) = -d**3 + 8*d**2 - 31*d + 227. What is y(8)?
-21
Let p(i) = -2*i**2 + 245*i - 4108. Calculate p(20).
-8
Let z(b) = 461*b + 3239. Determine z(-7).
12
Let u(x) = 33*x**3 - 3*x**2 - 329*x + 332. Determine u(1).
33
Let w(i) = i**2 + 1695*i + 11816. Calculate w(-7).
0
Let n(p) = -12*p**2 - 35*p - 1. What is n(1)?
-48
Let j(n) = 40*n**3 + 642*n**2 + 29*n - 43. What is j(-16)?
5
Let b(d) = -79*d**2 - 4*d - 3. Give b(-1).
-78
Let w(r) = -3*r**2 - 152*r + 262. Give w(-53).
-109
Let c(m) = 5*m**3 - 53*m**2 + 26*m - 21. Determine c(10).
-61
Let n(p) = p**3 - 30*p**2 - 30*p - 23. Give n(31).
8
Let w(o) = 2*o**2 + 145*o + 1711. Calculate w(-58).
29
Let m(w) = w**3 + 23*w**2 - 2*w + 310. What is m(-24)?
-218
Let n(g) = g**3 - 8*g**2 + 42*g - 168. Give n(6).
12
Let n(p) = 2*p**3 - 8*p**2 - 38*p. Determine n(-3).
-12
Let p(t) = -2*t**3 + 188*t**2 + 170*t - 15986. Determine p(94).
-6
Let h(d) = -22*d + 663. Give h(30).
3
Let z(a) = 7*a**2 - 60*a - 64. What is z(9)?
-37
Let r(l) = 23201*l - 301603. Calculate r(13).
10
Let v(n) = -59*n**3 + 8*n**2 - 12*n - 1. What is v(1)?
-64
Let q(c) = 30*c - 111. Determine q(7).
99
Let j(t) = -t**3 - 17*t**2 + 913*t + 54. What is j(23)?
-107
Let w(l) = -l**2 + 706*l - 3507. Calculate w(5).
-2
Let o(f) = 15*f**2 - 24*f - 130. Calculate o(4).
14
Let v(c) = -4*c**2 + 166*c - 1515. Determine v(28).
-3
Let z(k) = -5*k**2 + 47*k - 78. Calculate z(4).
30
Let z(t) = -14*t - 90. Give z(0).
-90
Let n(y) = -5*y**3 - 7*y**2 - 28*y - 46. Give n(-2).
22
Let z(j) = j**2 + 21*j - 313. Calculate z(-30).
-43
Let n(g) = -1272*g - 41953. Calculate n(-33).
23
Let n(k) = -9*k + 164. What is n(-5)?
209
Let w(v) = 6*v**3 - 228*v**2 + 16*v - 604. Calculate w(38).
4
Let t(x) = -x**3 - 31*x**2 - 242*x - 22. Determine t(-16).
10
Let l(q) = 12*q**3 + q**2 - 13*q. Determine l(3).
294
Let l(m) = 3*m**3 - 2*m**2 - 3*m + 8. Calculate l(3).
62
Let c(b) = b**3 - 6*b**2 - 34*b + 36. Calculate c(-8).
-588
Let r(d) = 849*d + 13578. Calculate r(-16).
-6
Let d(u) = 4*u**2 + 73*u - 337. What is d(-22)?
-7
Let q(o) = o**2 + 19*o + 107. Give q(-13).
29
Let m(y) = y**2 - 31*y + 292. What is m(12)?
64
Let k(u) = -10810*u + 151326. Calculate k(14).
-14
Let s(z) = z**3 + 38*z**2 - 3*z - 73. Calculate s(-38).
41
Let c(s) = -78*s**3 + 2*s**2 - 2*s. Determine c(1).
-78
Let k(r) = -186*r + 6880. Calculate k(37).
-2
Let a(r) = -16751*r - 67001. Calculate a(-4).
3
Let b(a) = 161*a**3 - a**2 + a + 1. What is b(-1)?
-162
Let p(j) = 259*j + 1306. Calculate p(-5).
11
Let y(h) = -9*h**2 - 714*h - 163. Determine y(-79).
74
Let n(b) = -14*b + 128. Determine n(9).
2
Let d(q) = 2*q**2 - 132*q - 649. Give d(-5).
61
Let c(f) = -f**3 - 11*f**2 - 23*f + 4. Calculate c(-3).
1
Let o(p) = p + 18. Calculate o(-2).
16
Let i(q) = 5*q + 80. Determine i(-13).
15
Let h(u) = -u**3 - 7*u**2 + 3*u + 23. What is h(-7)?
2
Let c(r) = 21*r + 17. What is c(-2)?
-25
Let n(o) = 109*o - 851. Determine n(7).
-88
Let x(l) = -19*l + 271. Determine x